{"id":38,"date":"2025-12-29T22:23:34","date_gmt":"2025-12-29T22:23:34","guid":{"rendered":"https:\/\/www.amcwroclaw.pl\/?page_id=38"},"modified":"2026-01-05T20:49:26","modified_gmt":"2026-01-05T20:49:26","slug":"aktualnosci","status":"publish","type":"page","link":"https:\/\/www.amcwroclaw.pl\/?page_id=38","title":{"rendered":"Aktualno\u015bci"},"content":{"rendered":"\n<h2 class=\"wp-block-heading has-text-align-center has-secondary-color has-text-color has-link-color wp-elements-84dd90959b052a4f1de8553e7e3a8eb1\">Aktualno\u015bci<\/h2>\n\n\n\n<div class=\"wp-block-group r-pad has-global-padding is-layout-constrained wp-container-core-group-is-layout-63a0b46f wp-block-group-is-layout-constrained\" style=\"margin-top:0;margin-bottom:0;padding-top:var(--wp--preset--spacing--50);padding-right:var(--wp--preset--spacing--20);padding-bottom:var(--wp--preset--spacing--50);padding-left:var(--wp--preset--spacing--20)\">\n<div class=\"wp-block-query is-layout-flow wp-block-query-is-layout-flow\"><ul class=\"wp-block-post-template is-layout-grid wp-container-core-post-template-is-layout-49315495 wp-block-post-template-is-layout-grid\"><li class=\"wp-block-post post-129 post type-post status-publish format-standard has-post-thumbnail hentry category-uncategorized\">\n<figure class=\"wp-block-post-featured-image\"><a href=\"https:\/\/www.amcwroclaw.pl\/?p=129\" target=\"_self\"  ><img loading=\"lazy\" decoding=\"async\" width=\"240\" height=\"120\" src=\"https:\/\/www.amcwroclaw.pl\/wp-content\/uploads\/2026\/03\/logo-stacja-hobby.png\" class=\"attachment-post-thumbnail size-post-thumbnail wp-post-image\" alt=\"22.-25.03. Promocja w sklepie internetowym\" style=\"border-radius:10px;object-fit:cover;\" \/><\/a><\/figure>\n\n\n<div class=\"wp-block-group is-content-justification-space-between is-layout-flex wp-container-core-group-is-layout-0c377f69 wp-block-group-is-layout-flex\" style=\"margin-top:var(--wp--preset--spacing--20)\"><div class=\"wp-block-post-author\"><div class=\"wp-block-post-author__content\"><p class=\"wp-block-post-author__name\">Maja W<\/p><\/div><\/div>\n\n<div class=\"wp-block-post-date\"><time datetime=\"2026-03-24T09:55:02+00:00\"><a href=\"https:\/\/www.amcwroclaw.pl\/?p=129\">March 24, 2026<\/a><\/time><\/div><\/div>\n\n\n<h3 style=\"line-height:1.5; margin-top:var(--wp--preset--spacing--10);\" class=\"wp-block-post-title has-mdm-large-font-size\"><a href=\"https:\/\/www.amcwroclaw.pl\/?p=129\" target=\"_self\" >22.-25.03. Promocja w sklepie internetowym<\/a><\/h3>\n\n<div class=\"wp-block-post-excerpt\"><p class=\"wp-block-post-excerpt__excerpt\">Informujemy, \u017ce hurtownia i sklep stacjonarny przy ul. Krzemienieckiej 60A zosta\u0142 zlikwidowany.&hellip;<\/p><p class=\"wp-block-post-excerpt__more-text\"><a class=\"wp-block-post-excerpt__more-link\" href=\"https:\/\/www.amcwroclaw.pl\/?p=129\">Read More<\/a><\/p><\/div>\n<\/li><li class=\"wp-block-post post-45 post type-post status-publish format-standard has-post-thumbnail hentry category-uncategorized\">\n<figure class=\"wp-block-post-featured-image\"><a href=\"https:\/\/www.amcwroclaw.pl\/?p=45\" target=\"_self\"  ><img loading=\"lazy\" decoding=\"async\" width=\"1180\" height=\"379\" src=\"https:\/\/www.amcwroclaw.pl\/wp-content\/uploads\/2025\/12\/swieta-bozenarodzeniowe-klein.jpg\" class=\"attachment-post-thumbnail size-post-thumbnail wp-post-image\" alt=\"Wa\u017cne informacje na 2026 rok\" style=\"border-radius:10px;object-fit:cover;\" srcset=\"https:\/\/www.amcwroclaw.pl\/wp-content\/uploads\/2025\/12\/swieta-bozenarodzeniowe-klein.jpg 1180w, https:\/\/www.amcwroclaw.pl\/wp-content\/uploads\/2025\/12\/swieta-bozenarodzeniowe-klein-300x96.jpg 300w, https:\/\/www.amcwroclaw.pl\/wp-content\/uploads\/2025\/12\/swieta-bozenarodzeniowe-klein-1024x329.jpg 1024w, https:\/\/www.amcwroclaw.pl\/wp-content\/uploads\/2025\/12\/swieta-bozenarodzeniowe-klein-768x247.jpg 768w\" sizes=\"auto, (max-width: 1180px) 100vw, 1180px\" \/><\/a><\/figure>\n\n\n<div class=\"wp-block-group is-content-justification-space-between is-layout-flex wp-container-core-group-is-layout-0c377f69 wp-block-group-is-layout-flex\" style=\"margin-top:var(--wp--preset--spacing--20)\"><div class=\"wp-block-post-author\"><div class=\"wp-block-post-author__content\"><p class=\"wp-block-post-author__name\">Maja W<\/p><\/div><\/div>\n\n<div class=\"wp-block-post-date\"><time datetime=\"2025-12-29T22:41:34+00:00\"><a href=\"https:\/\/www.amcwroclaw.pl\/?p=45\">December 29, 2025<\/a><\/time><\/div><\/div>\n\n\n<h3 style=\"line-height:1.5; margin-top:var(--wp--preset--spacing--10);\" class=\"wp-block-post-title has-mdm-large-font-size\"><a href=\"https:\/\/www.amcwroclaw.pl\/?p=45\" target=\"_self\" >Wa\u017cne informacje na 2026 rok<\/a><\/h3>\n\n<div class=\"wp-block-post-excerpt\"><p class=\"wp-block-post-excerpt__excerpt\">Wa\u017cne informacje na 2026 rok Szanowni nasi Klienci, Jak ju\u017c niekt\u00f3rzy z&hellip;<\/p><p class=\"wp-block-post-excerpt__more-text\"><a class=\"wp-block-post-excerpt__more-link\" href=\"https:\/\/www.amcwroclaw.pl\/?p=45\">Read More<\/a><\/p><\/div>\n<\/li><li class=\"wp-block-post post-70 post type-post status-publish format-standard has-post-thumbnail hentry category-uncategorized\">\n<figure class=\"wp-block-post-featured-image\"><a href=\"https:\/\/www.amcwroclaw.pl\/?p=70\" target=\"_self\"  ><img loading=\"lazy\" decoding=\"async\" width=\"851\" height=\"350\" src=\"https:\/\/www.amcwroclaw.pl\/wp-content\/uploads\/2025\/12\/250816.png\" class=\"attachment-post-thumbnail size-post-thumbnail wp-post-image\" alt=\"Nowo\u015b\u0107 2025\" style=\"border-radius:10px;object-fit:cover;\" srcset=\"https:\/\/www.amcwroclaw.pl\/wp-content\/uploads\/2025\/12\/250816.png 851w, https:\/\/www.amcwroclaw.pl\/wp-content\/uploads\/2025\/12\/250816-300x123.png 300w, https:\/\/www.amcwroclaw.pl\/wp-content\/uploads\/2025\/12\/250816-768x316.png 768w\" sizes=\"auto, (max-width: 851px) 100vw, 851px\" \/><\/a><\/figure>\n\n\n<div class=\"wp-block-group is-content-justification-space-between is-layout-flex wp-container-core-group-is-layout-0c377f69 wp-block-group-is-layout-flex\" style=\"margin-top:var(--wp--preset--spacing--20)\"><div class=\"wp-block-post-author\"><div class=\"wp-block-post-author__content\"><p class=\"wp-block-post-author__name\">Maja W<\/p><\/div><\/div>\n\n<div class=\"wp-block-post-date\"><time datetime=\"2025-08-18T23:15:00+00:00\"><a href=\"https:\/\/www.amcwroclaw.pl\/?p=70\">August 18, 2025<\/a><\/time><\/div><\/div>\n\n\n<h3 style=\"line-height:1.5; margin-top:var(--wp--preset--spacing--10);\" class=\"wp-block-post-title has-mdm-large-font-size\"><a href=\"https:\/\/www.amcwroclaw.pl\/?p=70\" target=\"_self\" >Nowo\u015b\u0107 2025<\/a><\/h3>\n\n<div class=\"wp-block-post-excerpt\"><p class=\"wp-block-post-excerpt__excerpt\">Nowo\u015b\u0107 2025<\/p><p class=\"wp-block-post-excerpt__more-text\"><a class=\"wp-block-post-excerpt__more-link\" href=\"https:\/\/www.amcwroclaw.pl\/?p=70\">Read More<\/a><\/p><\/div>\n<\/li><\/ul><\/div>\n<\/div>\n","protected":false},"excerpt":{"rendered":"<p>Aktualno\u015bci<\/p>\n","protected":false},"author":2,"featured_media":0,"parent":0,"menu_order":0,"comment_status":"closed","ping_status":"closed","template":"full-width","meta":{"footnotes":""},"class_list":["post-38","page","type-page","status-publish","hentry"],"_links":{"self":[{"href":"https:\/\/www.amcwroclaw.pl\/index.php?rest_route=\/wp\/v2\/pages\/38","targetHints":{"allow":["GET"]}}],"collection":[{"href":"https:\/\/www.amcwroclaw.pl\/index.php?rest_route=\/wp\/v2\/pages"}],"about":[{"href":"https:\/\/www.amcwroclaw.pl\/index.php?rest_route=\/wp\/v2\/types\/page"}],"author":[{"embeddable":true,"href":"https:\/\/www.amcwroclaw.pl\/index.php?rest_route=\/wp\/v2\/users\/2"}],"replies":[{"embeddable":true,"href":"https:\/\/www.amcwroclaw.pl\/index.php?rest_route=%2Fwp%2Fv2%2Fcomments&post=38"}],"version-history":[{"count":5,"href":"https:\/\/www.amcwroclaw.pl\/index.php?rest_route=\/wp\/v2\/pages\/38\/revisions"}],"predecessor-version":[{"id":106,"href":"https:\/\/www.amcwroclaw.pl\/index.php?rest_route=\/wp\/v2\/pages\/38\/revisions\/106"}],"wp:attachment":[{"href":"https:\/\/www.amcwroclaw.pl\/index.php?rest_route=%2Fwp%2Fv2%2Fmedia&parent=38"}],"curies":[{"name":"wp","href":"https:\/\/api.w.org\/{rel}","templated":true}]}}